2333?
3
What is the ten thousands digit of 2672409?
7
What is the tens digit of 952871?
7
What is the thousands digit of 21409?
1
What is the units digit of 40336709?
9
What is the thousands digit of 23190?
3
What is the units digit of 34907?
7
What is the hundred thousands digit of 145893?
1
What is the hundreds digit of 3467096?
0
What is the thousands digit of 707055?
7
What is the hundreds digit of 711309?
3
What is the hundred thousands digit of 336457?
3
What is the tens digit of 30251157?
5
What is the tens digit of 526825?
2
What is the thousands digit of 1021816?
1
What is the millions digit of 19407016?
9
What is the tens digit of 839489?
8
What is the tens digit of 189258?
5
What is the tens digit of 1134970?
7
What is the hundreds digit of 504657?
6
What is the tens digit of 870729?
2
What is the hundreds digit of 444309?
3
What is the millions digit of 2659279?
2
What is the thousands digit of 443276?
3
What is the ten thousands digit of 282034?
8
What is the thousands digit of 4236990?
6
What is the ten thousands digit of 305900?
0
What is the hundreds digit of 23579511?
5
What is the units digit of 31594565?
5
What is the hundred thousands digit of 245320?
2
What is the thousands digit of 2461053?
1
What is the thousands digit of 958418?
8
What is the tens digit of 63412?
1
What is the tens digit of 84668?
6
What is the tens digit of 613903?
0
What is the thousands digit of 335868?
5
What is the hundreds digit of 4336177?
1
What is the ten millions digit of 11112734?
1
What is the hundred thousands digit of 2871655?
8
What is the tens digit of 8003856?
5
What is the hundreds digit of 264251?
2
What is the hundreds digit of 1286757?
7
What is the tens digit of 1279122?
2
What is the tens digit of 146081?
8
What is the tens digit of 2660780?
8
What is the units digit of 405395?
5
What is the hundreds digit of 17556290?
2
What is the tens digit of 13029961?
6
What is the hundred thousands digit of 1350168?
3
What is the thousands digit of 662575?
2
What is the hundred thousands digit of 1126848?
1
What is the hundred thousands digit of 23670183?
6
What is the tens digit of 162400?
0
What is the thousands digit of 118193?
8
What is the hundred thousands digit of 6361151?
3
What is the hundred thousands digit of 7367798?
3
What is the millions digit of 5506066?
5
What is the millions digit of 28683816?
8
What is the hundreds digit of 62373?
3
What is the hundreds digit of 440958?
9
What is the millions digit of 23796765?
3
What is the tens digit of 1029743?
4
What is the units digit of 788973?
3
What is the millions digit of 6495295?
6
What is the hundred thousands digit of 686959?
6
What is the millions digit of 1501554?
1
What is the tens digit of 1211311?
1
What is the ten thousands digit of 536950?
3
What is the hundred thousands digit of 1632943?
6
What is the hundred thousands digit of 2504964?
5
What is the hundreds digit of 5091531?
5
What is the hundred thousands digit of 1216721?
2
What is the tens digit of 8741195?
9
What is the hundreds digit of 5037539?
5
What is the units digit of 1080189?
9
What is the millions digit of 1152376?
1
What is the hundred thousands digit of 7900491?
9
What is the ten thousands digit of 141141?
4
What is the ten millions digit of 22869661?
2
What is the ten thousands digit of 26721910?
2
What is the ten thousands digit of 4028250?
2
What is the tens digit of 224275?
7
What is the units digit of 737262?
2
What is the thousands digit of 429738?
9
What is the ten thousands digit of 7872881?
7
What is the hundreds digit of 422980?
9
What is the hundreds digit of 2898173?
1
What is the units digit of 868123?
3
What is the units digit of 747910?
0
What is the thousands digit of 1806233?
6
What is the thousands digit of 239139?
9
What is the hundreds digit of 111701?
7
What is the ten thousands digit of 267168?
6
What is the tens digit of 63979?
7
What is the units digit of 478986?
6
What is the hundred thousands digit of 1091536?
0
What is the units digit of 1128420?
0
What is the tens digit of 3510?
1
What is the hundred thousands digit of 2176711?
1
What is the hundreds digit of 3050641?
6
What is the ten thousands digit of 558825?
5
What is the ten thousands digit of 470153?
7
What is the tens digit of 48849?
4
What is the hundreds digit of 9058016?
0
What is the ten millions digit of 20972211?
2
What is the tens digit of 632658?
5
What is the tens digit of 1858249?
4
What is the thousands digit of 767189?
7
What is the ten millions digit of 10823119?
1
What is the tens digit of 4235452?
5
What is the hundred thousands digit of 698267?
6
What is the tens digit of 4700669?
6
What is the hundred thousands digit of 4962859?
9
What is the ten millions digit of 14035234?
1
What is the hundreds digit of 11021364?
3
What is the tens digit of 1100451?
5
What is the ten thousands digit of 744771?
4
What is the tens digit of 785305?
0
What is the tens digit of 156209?
0
What is the millions digit of 2143320?
2
What is the ten thousands digit of 4930576?
3
What is the hundreds digit of 7186707?
7
What is the hundred thousands digit of 264867?
2
What is the thousands digit of 303955?
3
What is the tens digit of 17280?
8
What is the thousands digit of 973212?
3
What is the thousands digit of 684022?
4
What is the hundreds digit of 352931?
9
What is the thousands digit of 307851?
7
What is the units digit of 208152?
2
What is the units digit of 2102277?
7
What is the thousands digit of 1447441?
7
What is the ten millions digit of 18069957?
1
What is the hundred thousands digit of 310095?
3
What is the hundred thousands digit of 339582?
3
What is the thousands digit of 1990064?
0
What is the ten thousands digit of 8324363?
2
What is the tens digit of 240174?
7
What is the hundreds digit of 680730?
7
What is the ten thousands digit of 5320042?
2
What is the hundred thousands digit of 377749?
3
What is the tens digit of 578886?
8
What is the millions digit of 3311406?
3
What is the units digit of 23416936?
6
What is the ten thousands digit of 17648?
1
What is the hundred thousands digit of 3175953?
1
What is the hundreds digit of 28192415?
4
What is the ten thousands digit of 69493?
6
What is the units digit of 578561?
1
What is the thousands digit of 7285642?
5
What is the hundreds digit of 1652530?
5
What is the tens digit of 265182?
8
What is the ten thousands digit of 1115429?
1
What is the units digit of 299422?
2
What is the hundreds digit of 14806943?
9
What is the thousands digit of 31907958?
7
What is the ten thousands digit of 402132?
0
What is the hundred thousands digit of 4675774?
6
What is the tens digit of 244538?
3
What is the ten thousands digit of 17246943?
4
What is the tens digit of 110254?
5
What is the hundreds digit of 10719738?
7
What is the hundreds digit of 1801877?
8
What is the tens digit of 6506302?
0
What is the hundreds digit of 1927638?
6
What is the millions digit of 10459877?
0
What is the hundred thousands digit of 404014?
4
What is the hundreds digit of 47780?
7
What is the hundreds digit of 3626014?
0
What is the ten thousands digit of 2536008?
3
What is the hundred thousands digit of 192066?
1
What is the thousands digit of 447148?
7
What is the tens digit of 40256?
5
What is the units digit of 27128?
8
What is the millions digit of 2837712?
2
What is the thousands digit of 20863275?
3
What is the thousands digit of 13278?
3
What is the hundreds digit of 18383525?
5
What is the ten thousands digit of 9331104?
3
What is the millions digit of 1039479?
1
What is the ten thousands digit of 29489675?
8
What is the ten thousands digit of 4783819?
8
What is the thousands digit of 37926?
7
What is the tens digit of 1245910?
1
What is the millions digit of 1314339?
1
What is the hundred thousands digit of 4604993?
6
What is the units digit of 257270?
0
What is the hundreds digit of 92397?
3
What is the ten thousands digit of 300555?
0
What is the ten thousands digit of 93099?
9
What is the units digit of 2196661?
1
What is the thousands digit of 1864722?
4
What is the tens digit of 391761?
6
What is the units digit of 1304551?
1
What is the tens digit of 88537?
3
What is the tens digit of 189655?
5
What is the hundreds digit of 1439841?
8
What is the units digit of 1592951?
1
W